{"id":1520,"date":"2023-01-27T21:25:08","date_gmt":"2023-01-27T20:25:08","guid":{"rendered":"https:\/\/www.elfrago.org\/?page_id=1520"},"modified":"2025-06-22T09:39:15","modified_gmt":"2025-06-22T07:39:15","slug":"servicios","status":"publish","type":"page","link":"https:\/\/www.elfrago.org\/index.php\/servicios\/","title":{"rendered":"Servicios"},"content":{"rendered":"\t\t<div data-elementor-type=\"wp-page\" data-elementor-id=\"1520\" class=\"elementor elementor-1520\" data-elementor-post-type=\"page\">\n\t\t\t\t\t\t\t\t\t<section class=\"elementor-section elementor-top-section elementor-element elementor-element-ce9fe36 elementor-section-boxed elementor-section-height-default elementor-section-height-default\" data-id=\"ce9fe36\" data-element_type=\"section\">\n\t\t\t\t\t\t<div class=\"elementor-container elementor-column-gap-default\">\n\t\t\t\t\t<div class=\"elementor-column elementor-col-100 elementor-top-column elementor-element elementor-element-571401b\" data-id=\"571401b\" data-element_type=\"column\">\n\t\t\t<div class=\"elementor-widget-wrap elementor-element-populated\">\n\t\t\t\t\t\t\t\t<div class=\"elementor-element elementor-element-a1d7296 elementor-widget elementor-widget-heading\" data-id=\"a1d7296\" data-element_type=\"widget\" data-widget_type=\"heading.default\">\n\t\t\t\t<div class=\"elementor-widget-container\">\n\t\t\t<style>\/*! elementor - v3.14.0 - 26-06-2023 *\/\n.elementor-heading-title{padding:0;margin:0;line-height:1}.elementor-widget-heading .elementor-heading-title[class*=elementor-size-]>a{color:inherit;font-size:inherit;line-height:inherit}.elementor-widget-heading .elementor-heading-title.elementor-size-small{font-size:15px}.elementor-widget-heading .elementor-heading-title.elementor-size-medium{font-size:19px}.elementor-widget-heading .elementor-heading-title.elementor-size-large{font-size:29px}.elementor-widget-heading .elementor-heading-title.elementor-size-xl{font-size:39px}.elementor-widget-heading .elementor-heading-title.elementor-size-xxl{font-size:59px}<\/style><h1 class=\"elementor-heading-title elementor-size-default\">Servicios<\/h1>\t\t<\/div>\n\t\t\t\t<\/div>\n\t\t\t\t<section class=\"elementor-section elementor-inner-section elementor-element elementor-element-285eda4 elementor-section-boxed elementor-section-height-default elementor-section-height-default\" data-id=\"285eda4\" data-element_type=\"section\">\n\t\t\t\t\t\t<div class=\"elementor-container elementor-column-gap-default\">\n\t\t\t\t\t<div class=\"elementor-column elementor-col-100 elementor-inner-column elementor-element elementor-element-6aaa069\" data-id=\"6aaa069\" data-element_type=\"column\">\n\t\t\t<div class=\"elementor-widget-wrap elementor-element-populated\">\n\t\t\t\t\t\t\t\t<div class=\"elementor-element elementor-element-a51930d elementor-widget elementor-widget-text-editor\" data-id=\"a51930d\" data-element_type=\"widget\" data-widget_type=\"text-editor.default\">\n\t\t\t\t<div class=\"elementor-widget-container\">\n\t\t\t<style>\/*! elementor - v3.14.0 - 26-06-2023 *\/\n.elementor-widget-text-editor.elementor-drop-cap-view-stacked .elementor-drop-cap{background-color:#69727d;color:#fff}.elementor-widget-text-editor.elementor-drop-cap-view-framed .elementor-drop-cap{color:#69727d;border:3px solid;background-color:transparent}.elementor-widget-text-editor:not(.elementor-drop-cap-view-default) .elementor-drop-cap{margin-top:8px}.elementor-widget-text-editor:not(.elementor-drop-cap-view-default) .elementor-drop-cap-letter{width:1em;height:1em}.elementor-widget-text-editor .elementor-drop-cap{float:left;text-align:center;line-height:1;font-size:50px}.elementor-widget-text-editor .elementor-drop-cap-letter{display:inline-block}<\/style>\t\t\t\t<p><b>ESCUELA:<\/b> el pueblo cuenta con escuela propia desde el curso escolar 2022-2023. Actualmente hay 12 ni\u00f1os de edades distintas escolarizados. Pertenece al CRA de Monlora.<\/p>\t\t\t\t\t\t<\/div>\n\t\t\t\t<\/div>\n\t\t\t\t<div class=\"elementor-element elementor-element-d54992f elementor-widget elementor-widget-text-editor\" data-id=\"d54992f\" data-element_type=\"widget\" data-widget_type=\"text-editor.default\">\n\t\t\t\t<div class=\"elementor-widget-container\">\n\t\t\t\t\t\t\t<p><b>CONSULTORIO M\u00c9DICO:<\/b>\u00a0d\u00edas de consulta: martes y jueves. Mi\u00e9rcoles (Enfermer\u00eda). T\u00e9l: 976 689 153. Para reservar cita, llamar al Centro de Salud de Luna. T\u00e9l. 976 689 274<\/p><p><b>FARMACIA:<\/b> los d\u00edas de consulta por la tarde, martes y jueves, nos acercan los medicamentos prescritos desde la farmacia de Luna.<\/p>\t\t\t\t\t\t<\/div>\n\t\t\t\t<\/div>\n\t\t\t\t<div class=\"elementor-element elementor-element-eb79dbf elementor-widget elementor-widget-text-editor\" data-id=\"eb79dbf\" data-element_type=\"widget\" data-widget_type=\"text-editor.default\">\n\t\t\t\t<div class=\"elementor-widget-container\">\n\t\t\t\t\t\t\t<p><b>AUTOBUSES CINCO VILLAS:<\/b>\u00a0linea Biel-Zaragoza-Biel (lunes y viernes laborables con salida a las \/:00 h, regreso a las 16:00 de Zaragoza y llegada a El Frago 17:30 h). Servicio del mi\u00e9rcoles, a demanda (por tel\u00e9fono, el d\u00eda anterior). Linea Ejea-El\u00a0Frago (martes y jueves a demanda). T\u00e9l: 976 660 980<\/p>\t\t\t\t\t\t<\/div>\n\t\t\t\t<\/div>\n\t\t\t\t<div class=\"elementor-element elementor-element-609b8cc elementor-widget elementor-widget-text-editor\" data-id=\"609b8cc\" data-element_type=\"widget\" data-widget_type=\"text-editor.default\">\n\t\t\t\t<div class=\"elementor-widget-container\">\n\t\t\t\t\t\t\t<p><b>AYUNTAMIENTO &#8211; SECRETAR\u00cdA:<\/b>\u00a0de lunes a viernes en horario de 8:00 a 14:30 h. por tel\u00e9fono. Presencialmente, los mi\u00e9rcoles (se recomienda pedir cita previa).<\/p>\t\t\t\t\t\t<\/div>\n\t\t\t\t<\/div>\n\t\t\t\t<div class=\"elementor-element elementor-element-c19d0bb elementor-widget elementor-widget-text-editor\" data-id=\"c19d0bb\" data-element_type=\"widget\" data-widget_type=\"text-editor.default\">\n\t\t\t\t<div class=\"elementor-widget-container\">\n\t\t\t\t\t\t\t<p><b>SERVICIOS SOCIALES:<\/b>\u00a0servicio de la comarca (trabajadora social) que se desplaza a El Frago cada quince d\u00edas, los martes. Asistencia a domicilio seg\u00fan necesidad. Se recomienda reservar cita en el\u00a0 t\u00e9lefono 976 689 032.<\/p>\t\t\t\t\t\t<\/div>\n\t\t\t\t<\/div>\n\t\t\t\t<div class=\"elementor-element elementor-element-151419c elementor-widget elementor-widget-text-editor\" data-id=\"151419c\" data-element_type=\"widget\" data-widget_type=\"text-editor.default\">\n\t\t\t\t<div class=\"elementor-widget-container\">\n\t\t\t\t\t\t\t<p><b>SERVICIOS AMBULANTES: <\/b>coordinaci\u00f3n de servicios de podolog\u00eda, peluquer\u00eda, fisioterapia etc. a<br \/>demanda varias veces al a\u00f1o. Contacto: el ayuntamiento.<\/p>\t\t\t\t\t\t<\/div>\n\t\t\t\t<\/div>\n\t\t\t\t<div class=\"elementor-element elementor-element-2a38f1d elementor-widget elementor-widget-text-editor\" data-id=\"2a38f1d\" data-element_type=\"widget\" data-widget_type=\"text-editor.default\">\n\t\t\t\t<div class=\"elementor-widget-container\">\n\t\t\t\t\t\t\t<p><b>BARES Y RESTAURANTES:<\/b><\/p><ul><li><b>Bar-Restaurante 4 Reyes:<\/b> Plaza Mayor. T\u00e9l: 976 679 760 o bien por Whatshap al 635 871 818<\/li><li><b>Bar Piscinas: <\/b>abierto julio y agosto y los fines de semana de la primera quincena de septiembre (ver horarios en el apartado correspondiente en visita nuestro pueblo \/ restauraci\u00f3n \/ bar piscinas.<\/li><\/ul>\t\t\t\t\t\t<\/div>\n\t\t\t\t<\/div>\n\t\t\t\t<div class=\"elementor-element elementor-element-0904c88 elementor-widget elementor-widget-text-editor\" data-id=\"0904c88\" data-element_type=\"widget\" data-widget_type=\"text-editor.default\">\n\t\t\t\t<div class=\"elementor-widget-container\">\n\t\t\t\t\t\t\t<p><b>OTROS SERVICIOS:<\/b><\/p><ul><li><b>Panader\u00eda Biel:<\/b>\u00a0servicio ambulante en El Frago los s\u00e1bados todo el a\u00f1o (salvo aviso previo).<\/li><li><b style=\"font-style: inherit; color: var( --e-global-color-secondary ); background-color: var(--ast-global-color-5);\">Biblioteca<\/b><span style=\"font-style: inherit; font-weight: inherit; color: var( --e-global-color-secondary ); background-color: var(--ast-global-color-5);\">: ubicada en la planta de arriba del edificio del ayuntamiento (Sal\u00f3n de Plenos), ofrece a los vecinos del municipio una amplia variedad de libros que se pueden coger prestados y devolver los <\/span><span style=\"font-style: inherit; color: var( --e-global-color-secondary ); background-color: var(--ast-global-color-5);\"><b>s\u00e1bados en horario de 11:00 a 13:00 h<\/b><\/span><span style=\"font-style: inherit; font-weight: inherit; color: var( --e-global-color-secondary ); background-color: var(--ast-global-color-5);\">. Responsable: Isabel Puerta.<\/span><\/li><li><b>Espacio Creativo &#8220;La Secretar\u00eda&#8221;<\/b>: espacio multifuncional ubicado en la planta baja del Ayuntamiento, dise\u00f1ado para promover la creatividad, la innovaci\u00f3n y el trabajo colaborativo. Encuentras toda la informaci\u00f3n en este\u00a0<a href=\"https:\/\/www.elfrago.org\/index.php\/coworking\/\" target=\"_blank\" rel=\"noopener\">enlace<\/a>.<\/li><li><b style=\"font-style: inherit; color: var( --e-global-color-secondary ); background-color: var(--ast-global-color-5);\">Zona Recreativa &#8220;El Coto&#8221;<\/b><span style=\"font-style: inherit; font-weight: inherit; color: var( --e-global-color-secondary ); background-color: var(--ast-global-color-5);\">: estas instalaciones ubicadas a la ribera del r\u00edo Arba ofrecen tanto elementos deportivos (pista de f\u00fatbol sala\/baloncesto, campo de hierba de f\u00fatbol a siete, pista de tennis y mesa de ping-pong), como una zona de parrillas y mesas para disfrutar de actividades y comidas al aire libre. <\/span><span style=\"font-style: inherit; font-weight: inherit; color: var( --e-global-color-secondary ); background-color: var(--ast-global-color-5);\">\u00a0\u00a0<\/span><\/li><li><b>&#8220;Buenos d\u00edas&#8221;<\/b>: servicio de atenci\u00f3n a nuestros mayores en el que, todas las ma\u00f1anas, de lunes a viernes, pasamos por sus casas para comprobar que est\u00e1n bien y ayudarles en cuanto precisen (cargar le\u00f1a, medicaci\u00f3n&#8230;).<\/li><li><b>Comedor social<\/b>:\u00a0 men\u00fa disponible al mediod\u00eda todos los d\u00edas de la semana a un precio especial para las personas empadronadas en el municipio en edad de jubilaci\u00f3n, as\u00ed como aquellas que tienen una discapacidad reconocida de grado superior.<\/li><li style=\"font-size: 18px;\"><span style=\"font-weight: bold;\">Piscinas:<\/span>\u00a0abiertas los meses de julio y agosto. Se accede con entrada puntual o abono de temporada que se puede adquirir en el ayuntamiento o directamente en el bar de las piscinas. Disponen de piscina infantil y para adultos, as\u00ed como de vestuarios con duchas y zona para tomar el sol. Verano 2025: el horario es el siguiente:\u00a0\u00a0 Durante los<b> meses de junio, julio y hasta el 17 de agosto<\/b>:\u00a0 de lunes a viernes, de 15:30 h. hasta las 21:00 h. S\u00e1bados y domingos, de 09:00 h. hasta las 21:00 h. <b>Desde el 18 de agosto hasta el 31 de agosto:\u00a0<\/b>desde las 09:00 h. hasta las 21:00 h<\/li><li><span style=\"font-style: inherit; color: var( --e-global-color-secondary ); background-color: var(--ast-global-color-5); font-weight: bold;\">Carpinter\u00eda:<\/span><span style=\"font-style: inherit; font-weight: inherit; color: var( --e-global-color-secondary ); background-color: var(--ast-global-color-5);\">\u00a0servicio de carpinter\u00eda tradicional. T\u00e9l. 698 538 223. Informaci\u00f3n en la web<\/span><a style=\"font-style: inherit; font-weight: inherit;\" href=\"https:\/\/xn--carpinteraelfuster-pyb.com\/Zon\" target=\"_blank\" rel=\"noopener\"> Carpinter\u00eda El Fuster<\/a><\/li><\/ul>\t\t\t\t\t\t<\/div>\n\t\t\t\t<\/div>\n\t\t\t\t\t<\/div>\n\t\t<\/div>\n\t\t\t\t\t\t\t<\/div>\n\t\t<\/section>\n\t\t\t\t\t<\/div>\n\t\t<\/div>\n\t\t\t\t\t\t\t<\/div>\n\t\t<\/section>\n\t\t\t\t\t\t\t<\/div>\n\t\t","protected":false},"excerpt":{"rendered":"<p>Servicios ESCUELA: el pueblo cuenta con escuela propia desde el curso escolar 2022-2023. Actualmente hay 12 ni\u00f1os de edades distintas escolarizados. Pertenece al CRA de Monlora. CONSULTORIO M\u00c9DICO:\u00a0d\u00edas de consulta: martes y jueves. Mi\u00e9rcoles (Enfermer\u00eda). T\u00e9l: 976 689 153. Para reservar cita, llamar al Centro de Salud de Luna. T\u00e9l. 976 689 274 FARMACIA: los &hellip;<\/p>\n<p class=\"read-more\"> <a class=\"\" href=\"https:\/\/www.elfrago.org\/index.php\/servicios\/\"> <span class=\"screen-reader-text\">Servicios<\/span> Leer m\u00e1s &raquo;<\/a><\/p>\n","protected":false},"author":5,"featured_media":0,"parent":0,"menu_order":0,"comment_status":"closed","ping_status":"closed","template":"","meta":{"site-sidebar-layout":"no-sidebar","site-content-layout":"page-builder","ast-global-header-display":"","ast-main-header-display":"","ast-hfb-above-header-display":"","ast-hfb-below-header-display":"","ast-hfb-mobile-header-display":"","site-post-title":"disabled","ast-breadcrumbs-content":"","ast-featured-img":"disabled","footer-sml-layout":"","theme-transparent-header-meta":"default","adv-header-id-meta":"","stick-header-meta":"","header-above-stick-meta":"","header-main-stick-meta":"","header-below-stick-meta":""},"_links":{"self":[{"href":"https:\/\/www.elfrago.org\/index.php\/wp-json\/wp\/v2\/pages\/1520"}],"collection":[{"href":"https:\/\/www.elfrago.org\/index.php\/wp-json\/wp\/v2\/pages"}],"about":[{"href":"https:\/\/www.elfrago.org\/index.php\/wp-json\/wp\/v2\/types\/page"}],"author":[{"embeddable":true,"href":"https:\/\/www.elfrago.org\/index.php\/wp-json\/wp\/v2\/users\/5"}],"replies":[{"embeddable":true,"href":"https:\/\/www.elfrago.org\/index.php\/wp-json\/wp\/v2\/comments?post=1520"}],"version-history":[{"count":90,"href":"https:\/\/www.elfrago.org\/index.php\/wp-json\/wp\/v2\/pages\/1520\/revisions"}],"predecessor-version":[{"id":4092,"href":"https:\/\/www.elfrago.org\/index.php\/wp-json\/wp\/v2\/pages\/1520\/revisions\/4092"}],"wp:attachment":[{"href":"https:\/\/www.elfrago.org\/index.php\/wp-json\/wp\/v2\/media?parent=1520"}],"curies":[{"name":"wp","href":"https:\/\/api.w.org\/{rel}","templated":true}]}}

<div data-elementor-type="wp-page" data-elementor-id="1520" class="elementor elementor-1520" data-elementor-post-type="page">
									<section class="elementor-section elementor-top-section elementor-element elementor-element-ce9fe36 elementor-section-boxed elementor-section-height-default elementor-section-height-default" data-id="ce9fe36" data-element_type="section">
						<div class="elementor-container elementor-column-gap-default">
					<div class="elementor-column elementor-col-100 elementor-top-column elementor-element elementor-element-571401b" data-id="571401b" data-element_type="column">
			<div class="elementor-widget-wrap elementor-element-populated">
								<div class="elementor-element elementor-element-a1d7296 elementor-widget elementor-widget-heading" data-id="a1d7296" data-element_type="widget" data-widget_type="heading.default">
				<div class="elementor-widget-container">
			<style>/*! elementor - v3.14.0 - 26-06-2023 */
.elementor-heading-title{padding:0;margin:0;line-height:1}.elementor-widget-heading .elementor-heading-title[class*=elementor-size-]>a{color:inherit;font-size:inherit;line-height:inherit}.elementor-widget-heading .elementor-heading-title.elementor-size-small{font-size:15px}.elementor-widget-heading .elementor-heading-title.elementor-size-medium{font-size:19px}.elementor-widget-heading .elementor-heading-title.elementor-size-large{font-size:29px}.elementor-widget-heading .elementor-heading-title.elementor-size-xl{font-size:39px}.elementor-widget-heading .elementor-heading-title.elementor-size-xxl{font-size:59px}</style><h1 class="elementor-heading-title elementor-size-default">Servicios</h1>		</div>
				</div>
				<section class="elementor-section elementor-inner-section elementor-element elementor-element-285eda4 elementor-section-boxed elementor-section-height-default elementor-section-height-default" data-id="285eda4" data-element_type="section">
						<div class="elementor-container elementor-column-gap-default">
					<div class="elementor-column elementor-col-100 elementor-inner-column elementor-element elementor-element-6aaa069" data-id="6aaa069" data-element_type="column">
			<div class="elementor-widget-wrap elementor-element-populated">
								<div class="elementor-element elementor-element-a51930d elementor-widget elementor-widget-text-editor" data-id="a51930d" data-element_type="widget" data-widget_type="text-editor.default">
				<div class="elementor-widget-container">
			<style>/*! elementor - v3.14.0 - 26-06-2023 */
.elementor-widget-text-editor.elementor-drop-cap-view-stacked .elementor-drop-cap{background-color:#69727d;color:#fff}.elementor-widget-text-editor.elementor-drop-cap-view-framed .elementor-drop-cap{color:#69727d;border:3px solid;background-color:transparent}.elementor-widget-text-editor:not(.elementor-drop-cap-view-default) .elementor-drop-cap{margin-top:8px}.elementor-widget-text-editor:not(.elementor-drop-cap-view-default) .elementor-drop-cap-letter{width:1em;height:1em}.elementor-widget-text-editor .elementor-drop-cap{float:left;text-align:center;line-height:1;font-size:50px}.elementor-widget-text-editor .elementor-drop-cap-letter{display:inline-block}</style>				<p><b>ESCUELA:</b> el pueblo cuenta con escuela propia desde el curso escolar 2022-2023. Actualmente hay 12 niños de edades distintas escolarizados. Pertenece al CRA de Monlora.</p>						</div>
				</div>
				<div class="elementor-element elementor-element-d54992f elementor-widget elementor-widget-text-editor" data-id="d54992f" data-element_type="widget" data-widget_type="text-editor.default">
				<div class="elementor-widget-container">
							<p><b>CONSULTORIO MÉDICO:</b> días de consulta: martes y jueves. Miércoles (Enfermería). Tél: 976 689 153. Para reservar cita, llamar al Centro de Salud de Luna. Tél. 976 689 274</p><p><b>FARMACIA:</b> los días de consulta por la tarde, martes y jueves, nos acercan los medicamentos prescritos desde la farmacia de Luna.</p>						</div>
				</div>
				<div class="elementor-element elementor-element-eb79dbf elementor-widget elementor-widget-text-editor" data-id="eb79dbf" data-element_type="widget" data-widget_type="text-editor.default">
				<div class="elementor-widget-container">
							<p><b>AUTOBUSES CINCO VILLAS:</b> linea Biel-Zaragoza-Biel (lunes y viernes laborables con salida a las /:00 h, regreso a las 16:00 de Zaragoza y llegada a El Frago 17:30 h). Servicio del miércoles, a demanda (por teléfono, el día anterior). Linea Ejea-El Frago (martes y jueves a demanda). Tél: 976 660 980</p>						</div>
				</div>
				<div class="elementor-element elementor-element-609b8cc elementor-widget elementor-widget-text-editor" data-id="609b8cc" data-element_type="widget" data-widget_type="text-editor.default">
				<div class="elementor-widget-container">
							<p><b>AYUNTAMIENTO &#8211; SECRETARÍA:</b> de lunes a viernes en horario de 8:00 a 14:30 h. por teléfono. Presencialmente, los miércoles (se recomienda pedir cita previa).</p>						</div>
				</div>
				<div class="elementor-element elementor-element-c19d0bb elementor-widget elementor-widget-text-editor" data-id="c19d0bb" data-element_type="widget" data-widget_type="text-editor.default">
				<div class="elementor-widget-container">
							<p><b>SERVICIOS SOCIALES:</b> servicio de la comarca (trabajadora social) que se desplaza a El Frago cada quince días, los martes. Asistencia a domicilio según necesidad. Se recomienda reservar cita en el  télefono 976 689 032.</p>						</div>
				</div>
				<div class="elementor-element elementor-element-151419c elementor-widget elementor-widget-text-editor" data-id="151419c" data-element_type="widget" data-widget_type="text-editor.default">
				<div class="elementor-widget-container">
							<p><b>SERVICIOS AMBULANTES: </b>coordinación de servicios de podología, peluquería, fisioterapia etc. a<br />demanda varias veces al año. Contacto: el ayuntamiento.</p>						</div>
				</div>
				<div class="elementor-element elementor-element-2a38f1d elementor-widget elementor-widget-text-editor" data-id="2a38f1d" data-element_type="widget" data-widget_type="text-editor.default">
				<div class="elementor-widget-container">
							<p><b>BARES Y RESTAURANTES:</b></p><ul><li><b>Bar-Restaurante 4 Reyes:</b> Plaza Mayor. Tél: 976 679 760 o bien por Whatshap al 635 871 818</li><li><b>Bar Piscinas: </b>abierto julio y agosto y los fines de semana de la primera quincena de septiembre (ver horarios en el apartado correspondiente en visita nuestro pueblo / restauración / bar piscinas.</li></ul>						</div>
				</div>
				<div class="elementor-element elementor-element-0904c88 elementor-widget elementor-widget-text-editor" data-id="0904c88" data-element_type="widget" data-widget_type="text-editor.default">
				<div class="elementor-widget-container">
							<p><b>OTROS SERVICIOS:</b></p><ul><li><b>Panadería Biel:</b> servicio ambulante en El Frago los sábados todo el año (salvo aviso previo).</li><li><b style="font-style: inherit; color: var( --e-global-color-secondary ); background-color: var(--ast-global-color-5);">Biblioteca</b><span style="font-style: inherit; font-weight: inherit; color: var( --e-global-color-secondary ); background-color: var(--ast-global-color-5);">: ubicada en la planta de arriba del edificio del ayuntamiento (Salón de Plenos), ofrece a los vecinos del municipio una amplia variedad de libros que se pueden coger prestados y devolver los </span><span style="font-style: inherit; color: var( --e-global-color-secondary ); background-color: var(--ast-global-color-5);"><b>sábados en horario de 11:00 a 13:00 h</b></span><span style="font-style: inherit; font-weight: inherit; color: var( --e-global-color-secondary ); background-color: var(--ast-global-color-5);">. Responsable: Isabel Puerta.</span></li><li><b>Espacio Creativo &#8220;La Secretaría&#8221;</b>: espacio multifuncional ubicado en la planta baja del Ayuntamiento, diseñado para promover la creatividad, la innovación y el trabajo colaborativo. Encuentras toda la información en este <a href="https://www.elfrago.org/index.php/coworking/" target="_blank" rel="noopener">enlace</a>.</li><li><b style="font-style: inherit; color: var( --e-global-color-secondary ); background-color: var(--ast-global-color-5);">Zona Recreativa &#8220;El Coto&#8221;</b><span style="font-style: inherit; font-weight: inherit; color: var( --e-global-color-secondary ); background-color: var(--ast-global-color-5);">: estas instalaciones ubicadas a la ribera del río Arba ofrecen tanto elementos deportivos (pista de fútbol sala/baloncesto, campo de hierba de fútbol a siete, pista de tennis y mesa de ping-pong), como una zona de parrillas y mesas para disfrutar de actividades y comidas al aire libre. </span><span style="font-style: inherit; font-weight: inherit; color: var( --e-global-color-secondary ); background-color: var(--ast-global-color-5);">  </span></li><li><b>&#8220;Buenos días&#8221;</b>: servicio de atención a nuestros mayores en el que, todas las mañanas, de lunes a viernes, pasamos por sus casas para comprobar que están bien y ayudarles en cuanto precisen (cargar leña, medicación&#8230;).</li><li><b>Comedor social</b>:  menú disponible al mediodía todos los días de la semana a un precio especial para las personas empadronadas en el municipio en edad de jubilación, así como aquellas que tienen una discapacidad reconocida de grado superior.</li><li style="font-size: 18px;"><span style="font-weight: bold;">Piscinas:</span> abiertas los meses de julio y agosto. Se accede con entrada puntual o abono de temporada que se puede adquirir en el ayuntamiento o directamente en el bar de las piscinas. Disponen de piscina infantil y para adultos, así como de vestuarios con duchas y zona para tomar el sol. Verano 2025: el horario es el siguiente:   Durante los<b> meses de junio, julio y hasta el 17 de agosto</b>:  de lunes a viernes, de 15:30 h. hasta las 21:00 h. Sábados y domingos, de 09:00 h. hasta las 21:00 h. <b>Desde el 18 de agosto hasta el 31 de agosto: </b>desde las 09:00 h. hasta las 21:00 h</li><li><span style="font-style: inherit; color: var( --e-global-color-secondary ); background-color: var(--ast-global-color-5); font-weight: bold;">Carpintería:</span><span style="font-style: inherit; font-weight: inherit; color: var( --e-global-color-secondary ); background-color: var(--ast-global-color-5);"> servicio de carpintería tradicional. Tél. 698 538 223. Información en la web</span><a style="font-style: inherit; font-weight: inherit;" href="https://xn--carpinteraelfuster-pyb.com/Zon" target="_blank" rel="noopener"> Carpintería El Fuster</a></li></ul>						</div>
				</div>
					</div>
		</div>
							</div>
		</section>
					</div>
		</div>
							</div>
		</section>
							</div>

<p>Servicios ESCUELA: el pueblo cuenta con escuela propia desde el curso escolar 2022-2023. Actualmente hay 12 niños de edades distintas escolarizados. Pertenece al CRA de Monlora. CONSULTORIO MÉDICO: días de consulta: martes y jueves. Miércoles (Enfermería). Tél: 976 689 153. Para reservar cita, llamar al Centro de Salud de Luna. Tél. 976 689 274 FARMACIA: los &hellip;</p>
<p class="read-more"> <a class="" href="https://www.elfrago.org/index.php/servicios/"> <span class="screen-reader-text">Servicios</span> Leer más &raquo;</a></p>
